 2 + 1687993?
1687995
In base 11, what is 654 - -7a366?
7aa0a
In base 9, what is 880644 + 2514?
883258
In base 12, what is 187 + -12193?
-12008
In base 13, what is -681cc021 - 1?
-681cc022
In base 16, what is -118f + b9cd?
a83e
In base 9, what is 85723783 + 0?
85723783
In base 10, what is 1636 - -42068?
43704
In base 9, what is 58 + -158524?
-158455
In base 7, what is 2135112 + -415?
2134364
In base 15, what is 19585 - -69?
195ee
In base 12, what is 73299 - 29?
73270
In base 6, what is -211212324 + 20?
-211212304
In base 10, what is 5488 + 5580?
11068
In base 8, what is 3416151 + 5?
3416156
In base 11, what is 169997 - 1532?
168465
In base 8, what is 31346433 - 114?
31346317
In base 5, what is -1030331 + -13203?
-1044034
In base 5, what is 21424 + -232130?
-210201
In base 4, what is -2332 - -201112010?
201103012
In base 7, what is -164455342 - -5?
-164455334
In base 7, what is -3 + -1046654612?
-1046654615
In base 16, what is 799831 + -12?
79981f
In base 13, what is -11 - -2479004?
2478cc3
In base 8, what is 2 + -10333406?
-10333404
In base 13, what is 3b + 488249?
488287
In base 3, what is -12 - -101021111212222?
101021111212210
In base 4, what is -31 + 1121130322212?
1121130322121
In base 6, what is 11 - 11242210?
-11242155
In base 14, what is 1b + 2dd1cc1?
2dd1cdc
In base 6, what is -13405 + 1453230?
1435421
In base 3, what is 22212100010201 - -21010?
22212100101211
In base 2, what is -1100 - -10010101001101?
10010101000001
In base 16, what is -27e3 + 10b?
-26d8
In base 7, what is -4 + -25406400?
-25406404
In base 15, what is 1 - ba0ae6?
-ba0ae5
In base 6, what is 21 + 311020501?
311020522
In base 15, what is -70a583 + -2?
-70a585
In base 11, what is -29928 + 180a9?
-1182a
In base 6, what is 500130 + -3324?
452402
In base 5, what is -10213032020 - 31?
-10213032101
In base 15, what is 2bcb2c + 15?
2bcb42
In base 8, what is 16 + 10613024?
10613042
In base 15, what is 36712b + 6c?
367198
In base 9, what is -4047 - -64124?
60066
In base 3, what is -122101110 + 10100212200?
2201111020
In base 2, what is -110011101100000 - 10011011?
-110011111111011
In base 5, what is -21 - -12234133433?
12234133412
In base 6, what is -104 + -13254535?
-13255043
In base 15, what is -8ee4d0 - -1?
-8ee4ce
In base 5, what is 244042434 - 1012?
244041422
In base 6, what is -1051 - 1223100?
-1224151
In base 8, what is 13 + 61662667?
61662702
In base 3, what is 22112102 - 2110211112?
-2011022010
In base 13, what is 1578a - 131?
15659
In base 3, what is -122022222120202 - -122?
-122022222120010
In base 2, what is -11011111111011110100 - -10111110111?
-11011111100011111101
In base 16, what is 1 - 474e345?
-474e344
In base 12, what is -1b016b58b + -5?
-1b016b594
In base 3, what is 211200122102112000 + 2?
211200122102112002
In base 2, what is -111110110111110010 + 110010?
-111110110111000000
In base 13, what is -42aa398 - -1?
-42aa397
In base 7, what is 103134310 - 1?
103134306
In base 4, what is 2312330 - -303133?
3222123
In base 12, what is -26a + 944b?
91a1
In base 5, what is -4 + -14443103102?
-14443103111
In base 7, what is 601 - -535022?
535623
In base 11, what is -15817a6 - a9?
-15818a4
In base 14, what is d1c82 - -11?
d1c93
In base 13, what is 2 + 25c23?
25c25
In base 2, what is -1010101110110101000001100 + 10?
-1010101110110101000001010
In base 14, what is -2b479 + -d4?
-2b56d
In base 16, what is 459d00 - 9?
459cf7
In base 12, what is ba95a + -25?
ba935
In base 13, what is 29c2 - 217b?
844
In base 6, what is 543 - 203444?
-202501
In base 5, what is 13421310313 - 0?
13421310313
In base 12, what is -1a335 + -8b5?
-1b02a
In base 11, what is 796817 + 11?
796828
In base 4, what is -1230012 + -20100?
-1310112
In base 10, what is 34282 - -259?
34541
In base 2, what is -100111100001010000000101011 - 1?
-100111100001010000000101100
In base 11, what is -13aa6666 + 2?
-13aa6664
In base 10, what is -41022875 - -3?
-41022872
In base 10, what is 10 - 261405?
-261395
In base 5, what is 0 + 44204444200?
44204444200
In base 8, what is 543447170 + 3?
543447173
In base 12, what is -6370010 + 5?
-6370007
In base 6, what is 1150354422 + -44?
1150354334
In base 4, what is -2231103200 + 21?
-2231103113
In base 4, what is 11 - 332120332212?
-332120332201
In base 9, what is -484738 + -2?
-484741
In base 7, what is 2 + -643312?
-643310
In base 3, what is 120022020002 + 1201?
120022021210
In base 9, what is -35 + -6777721?
-6777756
In base 4, what is 321003231 - 10120?
320333111
In base 8, what is -4 + -1165262640?
-1165262644
In base 13, what is -474 + 1b435?
1ac91
In base 14, what is -34d78a - 2a?
-34d7b6
In base 12, what is 83a - 30169a?
-300a60
In base 7, what is -206 - 1060103?
-1060312
In base 7, what is -132651 + 31100?
-101551
In base 13, what is 5b49 + 458?
62a4
In base 2, what is -10001110000011110 + 10011000?
-10001101110000110
In base 13, what is b72a9 - -44?
b7320
In base 6, what is -233144 - 34153?
-311341
In base 7, what is -51056 + 30?
-51026
In base 4, what is -21311 + -1132302?
-1220213
In base 14, what is -20760 + -d?
-2076d
In base 16, what is 4 + 6d293c?
6d2940
In base 3, what is 11002010011110 + 120?
11002010012000
In base 3, what is 1121 - -21102202110002?
21102202111200
In base 11, what is -209 - 135655?
-135863
In base 2, what is 1100111001011 + -10010000101?
1010101000110
In base 5, what is 3144343430 + -13?
3144343412
In base 9, what is 215465866 + 4?
215465871
In base 7, what is 3420265051 - -2?
3420265053
In base 12, what is -13 + -377b0?
-37803
In base 13, what is 5b26b + -144?
5b127
In base 7, what is 100 - -103601166?
103601266
In base 4, what is 11 + -32012032202?
-32012032131
In base 9, what is 621181 + 5?
621186
In base 2, what is 1000011111000001101 + 10001111?
1000011111010011100
In base 6, what is 21314550452 - 1?
21314550451
In base 2, what is -1 - -1101111101010110111010101?
1101111101010110111010100
In base 6, what is 11512 - -333?
12245
In base 7, what is -36204114 + -4?
-36204121
In base 10, what is -90758 - 3566?
-94324
In base 12, what is -81b670 + 61?
-81b60b
In base 8, what is 1334 - -362211?
363545
In base 14, what is 3 - -151380a?
151380d
In base 6, what is 0 - 22400543030?
-22400543030
In base 9, what is -10 + -1323151?
-1323161
In base 15, what is 5e7689 - -9?
5e7693
In base 8, what is 17007 - -10052?
27061
In base 9, what is 155601 - -6042?
162643
In base 10, what is 27882 + 289?
28171
In base 11, what is 1a1 - 2085a2?
-208401
In base 12, what is -12a2a + -a632?
-21460
In base 8, what is 3422 - -62014?
65436
In base 5, what is 2134 + 22343413?
22401102
In base 11, what is 194758 - 59a?
194169
In base 14, what is 46 + 12330a?
123352
In base 13, what is 68 - -4c729?
4c794
In base 6, what is 301 - 32002551?
-32002250
In base 8, what is -52636 + 11475?
-41141
In base 7, what is -1642654504 + 0?
-1642654504
In base 16, what is -4107d + -1?
-4107e
In base 3, what is 112 - -22221001220102?
22221001220221
In base 9, what is 1 + 36335158?
36335160
In base 7, what is 2360434 - 23?
2360411
In base 3, what is -12 - 10202212212211210?
-10202212212211222
In base 11, what is 5 + 598992?
598997
In base 15, what is -2 - -768e29c?
768e29a
In base 11, what is -7a513 - 473?
-7a986
In base 15, what is -299521a - 9?
-2995224
In base 3, what is 10100111211221 - 2022?
10100111202122
In base 9, what is -22007748 + -10?
-22007758
In base 6, what is -4041041 + 22020?
-4015021
In base 12, what is -4726b - 400?
-4766b
In base 3, what is 21212002200021 - -2?
21212002200100
In base 4, what is -232 - -2102032233?
2102032001
In base 11, what is 13727401 - -2?
13727403
In base 12, what is -343a - 3035?
-6473
In base 12, what is -23b3ba + -64?
-23b462
In base 5, what is 3222312304 - 2?
3222312302
In base 10, what is 2 + -16372645?
-16372643
In base 2, what is 1100111 + 10000100000000111110?
10000100000010100101
In base 7, what is 105251553 - -14?
105251600
In base 10, what is -5 - 12489767?
-12489772
In base 8, what is -5531061 + -3?
-5531064
In base 6, what is 12035 + 330030?
342105
In base 5, what is 10220342 - -202?
10221044
In base 16, what is -6f1 - -6508?
5e17
In base 8, what is -1662 + -7041?
-10723
In base 6, what is -45 + -2500432?
-2500521
In base 12, what is 1403b9219 + -2?
1403b9217
In base 12, what is -21a69b - 0?
-21a69b
In base 8, what is -432 - 1466026?
